 d be h(-7). Suppose d*r = 7*r - w. What is the units digit of r?
3
What is the tens digit of 1 + (-16)/10 - 45195/(-75)?
0
Let z(b) = -3 + 24*b - 11*b - 14*b. Let q be z(-6). Suppose q*m = 3*t + 147, 0 = 4*m - m - 4*t - 151. What is the units digit of m?
5
What is the hundreds digit of (-24)/(-228) - (-50557)/19?
6
Suppose 4*g - 11*g = -3276. Suppose -5*i - g = -3*w, 4*w - 4*i - 616 = -0*i. What is the hundreds digit of w?
1
Suppose 0 = -3*d + 8*d, -52 = -4*w + 2*d. Let h = -2 + w. Let c = h - -6. What is the tens digit of c?
1
What is the hundreds digit of 476/4 + 5 + 4?
1
Let b be (203/(-28))/(2/32). Let x = -58 - b. Suppose 126 = 5*u - 3*o - 0*o, 5*o = 2*u - x. What is the tens digit of u?
2
Suppose 8*z = 6*z - 74. Let v = 9 - 21. Let p = v - z. What is the units digit of p?
5
Let y(q) = -13 + 3 + 1 - q**2 + 11*q. Suppose -2*f - 6 = 0, -s = 2*s - 3*f - 30. What is the units digit of y(s)?
9
Suppose -3*c - 17 = -5*k, -6*k - 7 = -k + 3*c. Suppose 2*m + k + 35 = 4*v, -5*v = -2*m - 41. What is the units digit of m/(-44) + (-128)/(-22)?
6
Let a be 1*(-4 + (-10)/(-2)) - -200. Suppose n - a = -3*v - 0*n, 5*v - 2*n = 335. What is the units digit of v?
7
Let x be (-5 - -3)*2/(-4). Let m be (x + 4 + -4)*0. Suppose -2*j + 38 = 4*l, l + l - j - 29 = m. What is the units digit of l?
2
Suppose 7*k + 5*k - 324 = 0. Suppose j = 89 + k. What is the hundreds digit of j?
1
Let a(z) = z - 1. Let b(q) = 228*q**3 + 3*q**2 + 10*q - 4. Let y(c) = 6*a(c) - b(c). What is the tens digit of y(-1)?
2
Let v = 29 + -56. Let j = v - -37. What is the tens digit of j?
1
Let c(s) = -s**3 + 6*s**2 - s - 4. Let a be c(4). Suppose a = 4*f - f. Suppose 0 = 3*g - 5*g - f, 4*q - 5*g - 108 = 0. What is the units digit of q?
2
Let b(c) = 6 - 6*c**2 + 5*c**2 - 7*c + 0*c. Let j be b(-5). What is the tens digit of 39*(j/(-12))/(-2)?
2
Suppose 15*z - 6 = 13*z. Suppose -k = -z*k + 296. What is the tens digit of k?
4
Suppose -6*s = -s - 15. Suppose -z = 4*y - 29, -2*z = s*y - 4 - 14. What is the units digit of y?
8
Let i(m) = -723*m - 809. What is the thousands digit of i(-6)?
3
Let j = -810 + 1010. What is the tens digit of j?
0
Let u(v) = 5 + 1 - 4*v + 9*v**2 - 5. What is the tens digit of u(3)?
7
Let u(s) = -s**3 + 7*s**2 + 3*s + 14. Suppose 5*o = -10, 4 + 4 = 2*r + 2*o. What is the units digit of u(r)?
8
Let v = -552 - -1078. What is the units digit of v?
6
Suppose -24 = 2*m + 2*m. What is the tens digit of (-201*m/9)/(2 - 0)?
6
What is the tens digit of 2*127 + -9*4/(-12)?
5
Let i = -1 - -3. Let q = -2 + i. What is the units digit of 32 - 10 - (q - 2)?
4
Let w = 738 + -438. What is the units digit of w?
0
Let v = 16 + 2. Suppose v*s - 13*s - 210 = 0. What is the tens digit of s?
4
Let b = -42 - -1600. What is the tens digit of b?
5
Let n = 146 + -80. What is the units digit of n?
6
Suppose 4*c + h - 736 = -0*h, -4*c + 736 = -h. Suppose 17*g - c = 13*g. What is the units digit of g?
6
Let n = 36 - 21. Let f(l) = 13*l**2 + l + n*l**2 - 4 - 27*l**2. What is the units digit of f(-4)?
8
Let t be 2/((-16)/(-8)) - (-2 - 1). Suppose -t*l + 44 + 164 = 0. What is the tens digit of l?
5
Let a(i) = -2*i**2 - 2*i - 1. Let d be a(-3). Let v = -12 - d. What is the tens digit of 20 - (1 + 2 - v)?
1
Let d(k) = -1 - k**2 + 0*k**2 - 104*k + 116*k. Suppose -4*f + 16 = -2*f. What is the units digit of d(f)?
1
Let d(j) = -9*j + 3. Let c(m) = -m**3 - 5*m**2 + 9*m + 5. Let n be c(-6). What is the hundreds digit of d(n)?
1
Suppose -2*a - 3*a = -40. Let y(h) = h**2 - 4*h - 9. Let x be y(a). What is the units digit of (-5 - -6)*x/1?
3
Let i(r) = r - 4 - 2 - 6 - 1. Let u be i(12). What is the units digit of (-112)/7*(u - 3)?
4
Suppose 19*r - 14*r - 4*t = 15695, 0 = 4*r - t - 12545. What is the hundreds digit of r?
1
Let n = 17 + -28. Let u = n + 17. Suppose r - u*r - 4 = 3*o, 3*o + 8 = -r. What is the units digit of r?
1
Suppose -u - 5*u + 96 = 0. What is the units digit of u?
6
Suppose -11*w + 8 + 36 = 0. What is the units digit of w - ((-624)/4 + 5)?
5
Let p = 526 - -188. What is the tens digit of p?
1
Let z be (-2)/(-4)*(0 - 0). Suppose z = 5*s + 383 + 7. Let m = -52 - s. What is the tens digit of m?
2
What is the tens digit of (-3)/27 + 36832/36?
2
What is the tens digit of (12 - 13)/(408/409 + -1)?
0
Suppose -15 = -2*a + 4*i - 7*i, -24 = -5*a - 3*i. Let w(h) = 33*h - 9. What is the units digit of w(a)?
0
Let x be 1*(-2 - 8/(-4)). Suppose x*r = -2*r + 2*p + 410, 4*p - 416 = -2*r. What is the hundreds digit of r?
2
Let q(z) = z**2 + 3*z + 11. Let r(d) be the third derivative of -11*d**4/24 + d**3/3 - 3*d**2. Let y be r(1). What is the tens digit of q(y)?
6
Suppose 11*q + q = -5772. Let v = 676 + q. What is the tens digit of v?
9
What is the thousands digit of 10*1*27166/235?
1
Let j(n) = -3*n**2 + 3*n + 48. Let o be j(-24). What is the units digit of o/(-16)*(-4)/(-3) + 0?
6
Suppose -2*j + 5*j = 0. Suppose -4*q + 186 - 38 = j. What is the tens digit of q?
3
Suppose 5*h - 10 = -5*w, 2*h = -4*w - h + 8. What is the hundreds digit of (w - -1)/((-6)/(-8))*34?
1
Suppose 0 = -9*t + 468 + 11250. What is the tens digit of t?
0
Let g(t) be the third derivative of 7*t**6/120 - t**5/20 - t**4/8 + t**3/6 - 17*t**2. What is the units digit of g(3)?
4
Let v(b) = -44*b - 198. What is the tens digit of v(-19)?
3
Suppose 18 = 3*q + 3. Suppose q*c + 3*m + 12 = 0, -m = -2*c + 4*m + 20. Suppose -2*x + 71 = -2*v - 43, c = -5*x - 4*v + 240. What is the units digit of x?
2
Suppose 371 = -2*j - 23. Let m = -83 - j. What is the tens digit of m?
1
Suppose 0 = -21*r - 22*r + 41194. What is the tens digit of r?
5
Let t(c) = c**2 + 10*c + 3. Let q(l) = -l**2 + 2*l + 2. Let o be q(-2). Let j be t(o). Let z = 30 + j. What is the units digit of z?
9
Let o = 927 + -185. What is the units digit of o?
2
Suppose -2*v - 2*i = -2612, -v + 22*i + 1306 = 18*i. What is the tens digit of v?
0
Let v = -33 - 13. Let d = v + 77. What is the tens digit of d?
3
Let f(d) = d**3 - 16*d**2 + d + 13. What is the units digit of f(16)?
9
Let o(d) = -d**3 + 10*d**2 - 4*d - 17. What is the tens digit of o(8)?
7
Suppose 2*i = -4*a + 272, -4*i + i - a = -428. Suppose -z + 5*q = -i, -2*z + q = z - 418. What is the tens digit of z?
3
Let y(g) = 5*g**3 - 1. Let c be y(1). Let w(v) = 8*v - v - c*v. What is the tens digit of w(7)?
2
Suppose 0 = 5*d + 4 + 16, 0 = -c - d + 3874. What is the tens digit of c?
7
Let d = 29 + -48. Let s = 14 + d. What is the units digit of 22/8 + s/(-20)?
3
Let s(z) = -z - 8. Let f(x) = x + 17. Let a(i) = 3*f(i) + 5*s(i). Let c be a(6). What is the tens digit of (-14 - (-2 - -1))/c?
1
Suppose 0 = -2*l + 11 - 5. Let d(x) = x**2 - 4. What is the units digit of d(l)?
5
Suppose 0 = t - 3*d - 73, 35*d - 33*d + 2 = 0. What is the units digit of t?
0
Let u(g) = -3 + 1 + 4*g + 5 + g**2. Let f be u(-4). What is the units digit of f/((-9)/(-2))*3?
2
What is the hundreds digit of 5748/6 + -1 + 1?
9
Let h(c) = -14*c + 2. Let p = 31 + -19. Suppose -4*x - p = 4*u, 4*x = 3*u + x + 3. What is the tens digit of h(u)?
3
Let q = -1291 - -5244. What is the units digit of q?
3
Let d(v) = 44*v**2 - 6*v. What is the units digit of d(4)?
0
Let v(x) = -4*x**2 - 9 - x**2 + 3*x + 2*x**2 + 0*x**2. Let b be v(4). What is the tens digit of (-18)/6 + (-2 - b)?
4
Let p(w) = -54*w + 1241. What is the units digit of p(-63)?
3
Let i = -256 + 369. Let b = -29 + i. What is the units digit of b?
4
Let d = -413 - -744. Suppose 3*p = h + d, p - 3*h + 315 = 4*p. What is the tens digit of p?
0
Suppose -14 = f + 6. Let c be (-24)/(-42) - (-234)/7. Let l = c + f. What is the units digit of l?
4
Let x be 45/(-18)*(2 - 0). Let c(z) = z**3 + 5*z**2 - 2*z + 2. What is the units digit of c(x)?
2
Let x be (-50)/(-8)*(2 - 6). Let p = -41 - x. Let l = p + 50. What is the tens digit of l?
3
What is the units digit of 16/36 + 4955/9 + 3?
4
Let f be (-3)/(-2) - (-25)/2. Suppose -f + 5 = -3*u. Suppose -3*o - u = -h, -4 - 1 = h - 5*o. What is the units digit of h?
5
Let p = -155 + 373. Suppose -230 = -u - 5*m, 0*u - m = -u + p. What is the hundreds digit of u?
2
Suppose 896 + 601 = 4*g - 3*i, -3*i + 1479 = 4*g. What is the tens digit of -2*1 - g/(-6)?
6
What is the hundreds digit of (11*3)/(21/1239)?
9
Let d(b) = -b**3 + 6*b**2 + 9*b - 12. Let i be d(7). Suppose 2*n + g - 1 = -8, -12 = 2*n +